{"id":242,"date":"2021-02-03T06:52:02","date_gmt":"2021-02-03T06:52:02","guid":{"rendered":"https:\/\/csbriceni.md\/?page_id=242"},"modified":"2026-03-26T08:01:58","modified_gmt":"2026-03-26T06:01:58","slug":"functii-vacante","status":"publish","type":"page","link":"https:\/\/www.csbriceni.md\/?page_id=242","title":{"rendered":"Func\u021bii vacante"},"content":{"rendered":"\n<p class=\"has-medium-font-size\">Dosarele pot fi depuse la&nbsp;<strong>IMSP Briceni,&nbsp;M. Eminescu 48, et.4(Policlinica), birou 68<\/strong>&nbsp; (Sec\u0163ia Resurse Umane), \u00eentre orele&nbsp;<strong>09:00-16:00<\/strong>, cu excep\u0163ia zilelor de s\u00eemb\u0103t\u0103 \u015fi duminic\u0103.<\/p>\n\n\n\n<p class=\"has-medium-font-size\">Furnizarea informa\u0163iilor suplimentare la dna<strong><em>. <\/em>Urecheanu Maria<em> ,&nbsp;<\/em><\/strong>tel. 0247-65-041<\/p>\n\n\n\n<html>\n<head>\n<title>\u0412\u044b\u0441\u043e\u0442\u0430 \u0438 \u0448\u0438\u0440\u0438\u043d\u0430 HTML \u0442\u0430\u0431\u043b\u0438\u0446\u044b, \u043f\u0440\u0438\u043c\u0435\u0440<\/title>\n<\/head>\n<body>\n<table border=\"1\" cellspacing=\"0\" cellpadding=\"15\" width=\"90%\" height=\"130\">\n<tr>\n<th>\u2116<\/th>\n<th>DENUMIREA FUNC\u021aIEI VACANTE CU STDUII SUPERIOARE<\/th>\n<th>NR. DE UNIT\u0102\u021aI VACANTE<\/th>\n<\/tr>\n<tr>\n<td>1<\/td>\n<td>Medic de Familie<\/td>\n<td>2,0<\/td>\n<\/tr>\n<td>2<\/td>\n<td>Medic Laborant<\/td>\n<td>1,0<\/td>\n<\/tr>\n<td>3<\/td>\n<td>Medic Pediatru<\/td>\n<td>1,0<\/td>\n<\/tr>\n<td>4<\/td>\n<td>Inginer Biomedical<\/td>\n<td>1,0<\/td>\n<\/tr>\n<td>5<\/td>\n<td>Farmacist Medic<\/td>\n<td>2,0<\/td>\n<tr>\n<th>\u2116<\/th>\n<th>DENUMIREA FUNC\u021aIEI VACANTE CU STDUII MEDII<\/th>\n<th>NR. DE UNIT\u0102\u021aI VACANTE<\/th>\n<\/tr>\n<td>1<\/td>\n<td>Farmacist Laborant<\/td>\n<td>2,0<\/td>\n<tr>\n<td>2<\/td>\n<td>Felcer Laborant<\/td>\n<td>2,0<\/td>\n<tr>\n<td>3<\/td>\n<td>Tehnician Radiolog<\/td>\n<td>1,0<\/td>\n<tr><\/table>\n<\/body>\n<\/html>\n\n\n\n<p><\/p>\n\n\n\n<p><\/p>\n","protected":false},"excerpt":{"rendered":"<p>Dosarele pot fi depuse la&nbsp;IMSP Briceni,&nbsp;M. Eminescu 48, et.4(Policlinica), birou 68&nbsp; (Sec\u0163ia Resurse Umane), \u00eentre orele&nbsp;09:00-16:00, cu excep\u0163ia zilelor de<\/p>\n","protected":false},"author":1,"featured_media":0,"parent":0,"menu_order":0,"comment_status":"closed","ping_status":"closed","template":"","meta":{"colormag_page_container_layout":"default_layout","colormag_page_sidebar_layout":"default_layout","pgc_sgb_lightbox_settings":"","footnotes":""},"class_list":["post-242","page","type-page","status-publish","hentry"],"yoast_head":"<!-- This site is optimized with the Yoast SEO plugin v27.4 - https:\/\/yoast.com\/product\/yoast-seo-wordpress\/ -->\n<title>Func\u021bii vacante - IMSP Centrul de S\u0103n\u0103tate Briceni<\/title>\n<meta name=\"robots\" content=\"index, follow, max-snippet:-1, max-image-preview:large, max-video-preview:-1\" \/>\n<link rel=\"canonical\" href=\"https:\/\/www.csbriceni.md\/?page_id=242\" \/>\n<meta property=\"og:locale\" content=\"ro_RO\" \/>\n<meta property=\"og:type\" content=\"article\" \/>\n<meta property=\"og:title\" content=\"Func\u021bii vacante - IMSP Centrul de S\u0103n\u0103tate Briceni\" \/>\n<meta property=\"og:description\" content=\"Dosarele pot fi depuse la&nbsp;IMSP Briceni,&nbsp;M. Eminescu 48, et.4(Policlinica), birou 68&nbsp; (Sec\u0163ia Resurse Umane), \u00eentre orele&nbsp;09:00-16:00, cu excep\u0163ia zilelor de\" \/>\n<meta property=\"og:url\" content=\"https:\/\/www.csbriceni.md\/?page_id=242\" \/>\n<meta property=\"og:site_name\" content=\"IMSP Centrul de S\u0103n\u0103tate Briceni\" \/>\n<meta property=\"article:modified_time\" content=\"2026-03-26T06:01:58+00:00\" \/>\n<meta name=\"twitter:card\" content=\"summary_large_image\" \/>\n<meta name=\"twitter:label1\" content=\"Timp estimat pentru citire\" \/>\n\t<meta name=\"twitter:data1\" content=\"1 minut\" \/>\n<script type=\"application\/ld+json\" class=\"yoast-schema-graph\">{\"@context\":\"https:\\\/\\\/schema.org\",\"@graph\":[{\"@type\":\"WebPage\",\"@id\":\"https:\\\/\\\/www.csbriceni.md\\\/?page_id=242\",\"url\":\"https:\\\/\\\/www.csbriceni.md\\\/?page_id=242\",\"name\":\"Func\u021bii vacante - IMSP Centrul de S\u0103n\u0103tate Briceni\",\"isPartOf\":{\"@id\":\"https:\\\/\\\/www.csbriceni.md\\\/#website\"},\"datePublished\":\"2021-02-03T06:52:02+00:00\",\"dateModified\":\"2026-03-26T06:01:58+00:00\",\"breadcrumb\":{\"@id\":\"https:\\\/\\\/www.csbriceni.md\\\/?page_id=242#breadcrumb\"},\"inLanguage\":\"ro-RO\",\"potentialAction\":[{\"@type\":\"ReadAction\",\"target\":[\"https:\\\/\\\/www.csbriceni.md\\\/?page_id=242\"]}]},{\"@type\":\"BreadcrumbList\",\"@id\":\"https:\\\/\\\/www.csbriceni.md\\\/?page_id=242#breadcrumb\",\"itemListElement\":[{\"@type\":\"ListItem\",\"position\":1,\"name\":\"Prima pagin\u0103\",\"item\":\"https:\\\/\\\/www.csbriceni.md\\\/\"},{\"@type\":\"ListItem\",\"position\":2,\"name\":\"Func\u021bii vacante\"}]},{\"@type\":\"WebSite\",\"@id\":\"https:\\\/\\\/www.csbriceni.md\\\/#website\",\"url\":\"https:\\\/\\\/www.csbriceni.md\\\/\",\"name\":\"IMSP Centrul de S\u0103n\u0103tate Briceni\",\"description\":\"Bine a\u021bi venit pe pagina oficial\u0103 a Centrului de S\u0103n\u0103tate Briceni\",\"potentialAction\":[{\"@type\":\"SearchAction\",\"target\":{\"@type\":\"EntryPoint\",\"urlTemplate\":\"https:\\\/\\\/www.csbriceni.md\\\/?s={search_term_string}\"},\"query-input\":{\"@type\":\"PropertyValueSpecification\",\"valueRequired\":true,\"valueName\":\"search_term_string\"}}],\"inLanguage\":\"ro-RO\"}]}<\/script>\n<!-- \/ Yoast SEO plugin. -->","yoast_head_json":{"title":"Func\u021bii vacante - IMSP Centrul de S\u0103n\u0103tate Briceni","robots":{"index":"index","follow":"follow","max-snippet":"max-snippet:-1","max-image-preview":"max-image-preview:large","max-video-preview":"max-video-preview:-1"},"canonical":"https:\/\/www.csbriceni.md\/?page_id=242","og_locale":"ro_RO","og_type":"article","og_title":"Func\u021bii vacante - IMSP Centrul de S\u0103n\u0103tate Briceni","og_description":"Dosarele pot fi depuse la&nbsp;IMSP Briceni,&nbsp;M. Eminescu 48, et.4(Policlinica), birou 68&nbsp; (Sec\u0163ia Resurse Umane), \u00eentre orele&nbsp;09:00-16:00, cu excep\u0163ia zilelor de","og_url":"https:\/\/www.csbriceni.md\/?page_id=242","og_site_name":"IMSP Centrul de S\u0103n\u0103tate Briceni","article_modified_time":"2026-03-26T06:01:58+00:00","twitter_card":"summary_large_image","twitter_misc":{"Timp estimat pentru citire":"1 minut"},"schema":{"@context":"https:\/\/schema.org","@graph":[{"@type":"WebPage","@id":"https:\/\/www.csbriceni.md\/?page_id=242","url":"https:\/\/www.csbriceni.md\/?page_id=242","name":"Func\u021bii vacante - IMSP Centrul de S\u0103n\u0103tate Briceni","isPartOf":{"@id":"https:\/\/www.csbriceni.md\/#website"},"datePublished":"2021-02-03T06:52:02+00:00","dateModified":"2026-03-26T06:01:58+00:00","breadcrumb":{"@id":"https:\/\/www.csbriceni.md\/?page_id=242#breadcrumb"},"inLanguage":"ro-RO","potentialAction":[{"@type":"ReadAction","target":["https:\/\/www.csbriceni.md\/?page_id=242"]}]},{"@type":"BreadcrumbList","@id":"https:\/\/www.csbriceni.md\/?page_id=242#breadcrumb","itemListElement":[{"@type":"ListItem","position":1,"name":"Prima pagin\u0103","item":"https:\/\/www.csbriceni.md\/"},{"@type":"ListItem","position":2,"name":"Func\u021bii vacante"}]},{"@type":"WebSite","@id":"https:\/\/www.csbriceni.md\/#website","url":"https:\/\/www.csbriceni.md\/","name":"IMSP Centrul de S\u0103n\u0103tate Briceni","description":"Bine a\u021bi venit pe pagina oficial\u0103 a Centrului de S\u0103n\u0103tate Briceni","potentialAction":[{"@type":"SearchAction","target":{"@type":"EntryPoint","urlTemplate":"https:\/\/www.csbriceni.md\/?s={search_term_string}"},"query-input":{"@type":"PropertyValueSpecification","valueRequired":true,"valueName":"search_term_string"}}],"inLanguage":"ro-RO"}]}},"_links":{"self":[{"href":"https:\/\/www.csbriceni.md\/index.php?rest_route=\/wp\/v2\/pages\/242","targetHints":{"allow":["GET"]}}],"collection":[{"href":"https:\/\/www.csbriceni.md\/index.php?rest_route=\/wp\/v2\/pages"}],"about":[{"href":"https:\/\/www.csbriceni.md\/index.php?rest_route=\/wp\/v2\/types\/page"}],"author":[{"embeddable":true,"href":"https:\/\/www.csbriceni.md\/index.php?rest_route=\/wp\/v2\/users\/1"}],"replies":[{"embeddable":true,"href":"https:\/\/www.csbriceni.md\/index.php?rest_route=%2Fwp%2Fv2%2Fcomments&post=242"}],"version-history":[{"count":24,"href":"https:\/\/www.csbriceni.md\/index.php?rest_route=\/wp\/v2\/pages\/242\/revisions"}],"predecessor-version":[{"id":2399,"href":"https:\/\/www.csbriceni.md\/index.php?rest_route=\/wp\/v2\/pages\/242\/revisions\/2399"}],"wp:attachment":[{"href":"https:\/\/www.csbriceni.md\/index.php?rest_route=%2Fwp%2Fv2%2Fmedia&parent=242"}],"curies":[{"name":"wp","href":"https:\/\/api.w.org\/{rel}","templated":true}]}}