{"id":705,"date":"2021-03-24T09:13:17","date_gmt":"2021-03-24T07:13:17","guid":{"rendered":"https:\/\/csbriceni.md\/?page_id=705"},"modified":"2021-03-30T14:09:41","modified_gmt":"2021-03-30T12:09:41","slug":"ultrasonografia","status":"publish","type":"page","link":"https:\/\/www.csbriceni.md\/?page_id=705","title":{"rendered":"ULTRASONOGRAFIA"},"content":{"rendered":"\n<figure class=\"wp-block-image size-large is-resized\"><img loading=\"lazy\" decoding=\"async\" src=\"https:\/\/www.csbriceni.md\/wp-content\/uploads\/2021\/03\/ULTRASONOGRAFIA-1024x424.jpg\" alt=\"\" class=\"wp-image-733\" width=\"1049\" height=\"433\" srcset=\"https:\/\/www.csbriceni.md\/wp-content\/uploads\/2021\/03\/ULTRASONOGRAFIA-1024x424.jpg 1024w, https:\/\/www.csbriceni.md\/wp-content\/uploads\/2021\/03\/ULTRASONOGRAFIA-300x124.jpg 300w, https:\/\/www.csbriceni.md\/wp-content\/uploads\/2021\/03\/ULTRASONOGRAFIA-768x318.jpg 768w, https:\/\/www.csbriceni.md\/wp-content\/uploads\/2021\/03\/ULTRASONOGRAFIA.jpg 1066w\" sizes=\"auto, (max-width: 1049px) 100vw, 1049px\" \/><\/figure>\n\n\n\n<p><\/p>\n","protected":false},"excerpt":{"rendered":"","protected":false},"author":1,"featured_media":0,"parent":0,"menu_order":0,"comment_status":"closed","ping_status":"closed","template":"template-home.php","meta":{"colormag_page_container_layout":"default_layout","colormag_page_sidebar_layout":"default_layout","pgc_sgb_lightbox_settings":"","footnotes":""},"class_list":["post-705","page","type-page","status-publish","hentry"],"yoast_head":"<!-- This site is optimized with the Yoast SEO plugin v27.4 - https:\/\/yoast.com\/product\/yoast-seo-wordpress\/ -->\n<title>ULTRASONOGRAFIA - IMSP Centrul de S\u0103n\u0103tate Briceni<\/title>\n<meta name=\"robots\" content=\"index, follow, max-snippet:-1, max-image-preview:large, max-video-preview:-1\" \/>\n<link rel=\"canonical\" href=\"https:\/\/www.csbriceni.md\/?page_id=705\" \/>\n<meta property=\"og:locale\" content=\"ro_RO\" \/>\n<meta property=\"og:type\" content=\"article\" \/>\n<meta property=\"og:title\" content=\"ULTRASONOGRAFIA - IMSP Centrul de S\u0103n\u0103tate Briceni\" \/>\n<meta property=\"og:url\" content=\"https:\/\/www.csbriceni.md\/?page_id=705\" \/>\n<meta property=\"og:site_name\" content=\"IMSP Centrul de S\u0103n\u0103tate Briceni\" \/>\n<meta property=\"article:modified_time\" content=\"2021-03-30T12:09:41+00:00\" \/>\n<meta property=\"og:image\" content=\"https:\/\/www.csbriceni.md\/wp-content\/uploads\/2021\/03\/ULTRASONOGRAFIA-1024x424.jpg\" \/>\n<meta name=\"twitter:card\" content=\"summary_large_image\" \/>\n<script type=\"application\/ld+json\" class=\"yoast-schema-graph\">{\"@context\":\"https:\\\/\\\/schema.org\",\"@graph\":[{\"@type\":\"WebPage\",\"@id\":\"https:\\\/\\\/www.csbriceni.md\\\/?page_id=705\",\"url\":\"https:\\\/\\\/www.csbriceni.md\\\/?page_id=705\",\"name\":\"ULTRASONOGRAFIA - IMSP Centrul de S\u0103n\u0103tate Briceni\",\"isPartOf\":{\"@id\":\"https:\\\/\\\/www.csbriceni.md\\\/#website\"},\"primaryImageOfPage\":{\"@id\":\"https:\\\/\\\/www.csbriceni.md\\\/?page_id=705#primaryimage\"},\"image\":{\"@id\":\"https:\\\/\\\/www.csbriceni.md\\\/?page_id=705#primaryimage\"},\"thumbnailUrl\":\"https:\\\/\\\/www.csbriceni.md\\\/wp-content\\\/uploads\\\/2021\\\/03\\\/ULTRASONOGRAFIA-1024x424.jpg\",\"datePublished\":\"2021-03-24T07:13:17+00:00\",\"dateModified\":\"2021-03-30T12:09:41+00:00\",\"breadcrumb\":{\"@id\":\"https:\\\/\\\/www.csbriceni.md\\\/?page_id=705#breadcrumb\"},\"inLanguage\":\"ro-RO\",\"potentialAction\":[{\"@type\":\"ReadAction\",\"target\":[\"https:\\\/\\\/www.csbriceni.md\\\/?page_id=705\"]}]},{\"@type\":\"ImageObject\",\"inLanguage\":\"ro-RO\",\"@id\":\"https:\\\/\\\/www.csbriceni.md\\\/?page_id=705#primaryimage\",\"url\":\"https:\\\/\\\/www.csbriceni.md\\\/wp-content\\\/uploads\\\/2021\\\/03\\\/ULTRASONOGRAFIA.jpg\",\"contentUrl\":\"https:\\\/\\\/www.csbriceni.md\\\/wp-content\\\/uploads\\\/2021\\\/03\\\/ULTRASONOGRAFIA.jpg\",\"width\":1066,\"height\":441},{\"@type\":\"BreadcrumbList\",\"@id\":\"https:\\\/\\\/www.csbriceni.md\\\/?page_id=705#breadcrumb\",\"itemListElement\":[{\"@type\":\"ListItem\",\"position\":1,\"name\":\"Prima pagin\u0103\",\"item\":\"https:\\\/\\\/www.csbriceni.md\\\/\"},{\"@type\":\"ListItem\",\"position\":2,\"name\":\"ULTRASONOGRAFIA\"}]},{\"@type\":\"WebSite\",\"@id\":\"https:\\\/\\\/www.csbriceni.md\\\/#website\",\"url\":\"https:\\\/\\\/www.csbriceni.md\\\/\",\"name\":\"IMSP Centrul de S\u0103n\u0103tate Briceni\",\"description\":\"Bine a\u021bi venit pe pagina oficial\u0103 a Centrului de S\u0103n\u0103tate Briceni\",\"potentialAction\":[{\"@type\":\"SearchAction\",\"target\":{\"@type\":\"EntryPoint\",\"urlTemplate\":\"https:\\\/\\\/www.csbriceni.md\\\/?s={search_term_string}\"},\"query-input\":{\"@type\":\"PropertyValueSpecification\",\"valueRequired\":true,\"valueName\":\"search_term_string\"}}],\"inLanguage\":\"ro-RO\"}]}<\/script>\n<!-- \/ Yoast SEO plugin. -->","yoast_head_json":{"title":"ULTRASONOGRAFIA - IMSP Centrul de S\u0103n\u0103tate Briceni","robots":{"index":"index","follow":"follow","max-snippet":"max-snippet:-1","max-image-preview":"max-image-preview:large","max-video-preview":"max-video-preview:-1"},"canonical":"https:\/\/www.csbriceni.md\/?page_id=705","og_locale":"ro_RO","og_type":"article","og_title":"ULTRASONOGRAFIA - IMSP Centrul de S\u0103n\u0103tate Briceni","og_url":"https:\/\/www.csbriceni.md\/?page_id=705","og_site_name":"IMSP Centrul de S\u0103n\u0103tate Briceni","article_modified_time":"2021-03-30T12:09:41+00:00","og_image":[{"url":"https:\/\/www.csbriceni.md\/wp-content\/uploads\/2021\/03\/ULTRASONOGRAFIA-1024x424.jpg","type":"","width":"","height":""}],"twitter_card":"summary_large_image","schema":{"@context":"https:\/\/schema.org","@graph":[{"@type":"WebPage","@id":"https:\/\/www.csbriceni.md\/?page_id=705","url":"https:\/\/www.csbriceni.md\/?page_id=705","name":"ULTRASONOGRAFIA - IMSP Centrul de S\u0103n\u0103tate Briceni","isPartOf":{"@id":"https:\/\/www.csbriceni.md\/#website"},"primaryImageOfPage":{"@id":"https:\/\/www.csbriceni.md\/?page_id=705#primaryimage"},"image":{"@id":"https:\/\/www.csbriceni.md\/?page_id=705#primaryimage"},"thumbnailUrl":"https:\/\/www.csbriceni.md\/wp-content\/uploads\/2021\/03\/ULTRASONOGRAFIA-1024x424.jpg","datePublished":"2021-03-24T07:13:17+00:00","dateModified":"2021-03-30T12:09:41+00:00","breadcrumb":{"@id":"https:\/\/www.csbriceni.md\/?page_id=705#breadcrumb"},"inLanguage":"ro-RO","potentialAction":[{"@type":"ReadAction","target":["https:\/\/www.csbriceni.md\/?page_id=705"]}]},{"@type":"ImageObject","inLanguage":"ro-RO","@id":"https:\/\/www.csbriceni.md\/?page_id=705#primaryimage","url":"https:\/\/www.csbriceni.md\/wp-content\/uploads\/2021\/03\/ULTRASONOGRAFIA.jpg","contentUrl":"https:\/\/www.csbriceni.md\/wp-content\/uploads\/2021\/03\/ULTRASONOGRAFIA.jpg","width":1066,"height":441},{"@type":"BreadcrumbList","@id":"https:\/\/www.csbriceni.md\/?page_id=705#breadcrumb","itemListElement":[{"@type":"ListItem","position":1,"name":"Prima pagin\u0103","item":"https:\/\/www.csbriceni.md\/"},{"@type":"ListItem","position":2,"name":"ULTRASONOGRAFIA"}]},{"@type":"WebSite","@id":"https:\/\/www.csbriceni.md\/#website","url":"https:\/\/www.csbriceni.md\/","name":"IMSP Centrul de S\u0103n\u0103tate Briceni","description":"Bine a\u021bi venit pe pagina oficial\u0103 a Centrului de S\u0103n\u0103tate Briceni","potentialAction":[{"@type":"SearchAction","target":{"@type":"EntryPoint","urlTemplate":"https:\/\/www.csbriceni.md\/?s={search_term_string}"},"query-input":{"@type":"PropertyValueSpecification","valueRequired":true,"valueName":"search_term_string"}}],"inLanguage":"ro-RO"}]}},"_links":{"self":[{"href":"https:\/\/www.csbriceni.md\/index.php?rest_route=\/wp\/v2\/pages\/705","targetHints":{"allow":["GET"]}}],"collection":[{"href":"https:\/\/www.csbriceni.md\/index.php?rest_route=\/wp\/v2\/pages"}],"about":[{"href":"https:\/\/www.csbriceni.md\/index.php?rest_route=\/wp\/v2\/types\/page"}],"author":[{"embeddable":true,"href":"https:\/\/www.csbriceni.md\/index.php?rest_route=\/wp\/v2\/users\/1"}],"replies":[{"embeddable":true,"href":"https:\/\/www.csbriceni.md\/index.php?rest_route=%2Fwp%2Fv2%2Fcomments&post=705"}],"version-history":[{"count":7,"href":"https:\/\/www.csbriceni.md\/index.php?rest_route=\/wp\/v2\/pages\/705\/revisions"}],"predecessor-version":[{"id":738,"href":"https:\/\/www.csbriceni.md\/index.php?rest_route=\/wp\/v2\/pages\/705\/revisions\/738"}],"wp:attachment":[{"href":"https:\/\/www.csbriceni.md\/index.php?rest_route=%2Fwp%2Fv2%2Fmedia&parent=705"}],"curies":[{"name":"wp","href":"https:\/\/api.w.org\/{rel}","templated":true}]}}